{"id":11,"date":"2018-10-21T20:59:42","date_gmt":"2018-10-22T00:59:42","guid":{"rendered":"https:\/\/ghyslaindufresne.com\/?page_id=11"},"modified":"2020-10-22T16:57:52","modified_gmt":"2020-10-22T20:57:52","slug":"contact","status":"publish","type":"page","link":"https:\/\/www.ghyslaindufresne.com\/?page_id=11","title":{"rendered":"CNS"},"content":{"rendered":"<p><a href=\"http:\/\/facebook.com\/leschicknswell\"><img loading=\"lazy\" decoding=\"async\" class=\"size-full wp-image-54 alignleft\" src=\"https:\/\/www.ghyslaindufresne.com\/wp-content\/uploads\/2018\/10\/cns2.jpg\" alt=\"\" width=\"220\" height=\"220\" srcset=\"https:\/\/www.ghyslaindufresne.com\/wp-content\/uploads\/2018\/10\/cns2.jpg 220w, https:\/\/www.ghyslaindufresne.com\/wp-content\/uploads\/2018\/10\/cns2-150x150.jpg 150w, https:\/\/www.ghyslaindufresne.com\/wp-content\/uploads\/2018\/10\/cns2-100x100.jpg 100w\" sizes=\"auto, (max-width: 220px) 100vw, 220px\" \/><\/a>En 1994, Francis Cloutier et Daniel Grenier entrent \u00e0 l&rsquo;\u00c9cole nationale de l&rsquo;humour et en ressortent en 1995 avec un dipl\u00f4me en main. Puis en 1997, nous nous rencontrons (participant tous les trois au spectacle des auteurs de l&rsquo;\u00c9cole nationale de l&rsquo;humour en tant que com\u00e9diens). L&rsquo;exp\u00e9rience se d\u00e9roule si bien que Francis et Daniel m&rsquo;invitent \u00e0 me joindre \u00e0 eux; pendant les trois ann\u00e9es suivantes, nous pr\u00e9sentons une multitude de spectacles \u00e0 travers les soir\u00e9es d&rsquo;humour dans les bars du Qu\u00e9bec.<\/p>\n<p>De 2001 \u00e0 2003, (ayant quitt\u00e9 le groupe pour m&rsquo;investir davantage avec Crampe en masse) c&rsquo;est l&rsquo;arriv\u00e9e de Simon -Olivier Fecteau. Les Chick&rsquo;n Swell \u00e9crivent, r\u00e9alisent et jouent dans une \u00e9mission \u00e0 sketchs qui porte leur nom et qui est pr\u00e9sent\u00e9e \u00e0 la t\u00e9l\u00e9vision de Radio-Canada.<\/p>\n<p>En 2006, Daniel et Francis m&rsquo;offrent de remonter sur sc\u00e8ne avec eux (Simon-Olivier ne souhaitant pas faire de sc\u00e8ne). Les Chick&rsquo;n Swell remontent alors sur sc\u00e8ne pour pr\u00e9senter une s\u00e9rie de spectacles (le premier depuis qu&rsquo;ils ont quitt\u00e9 les ondes). La tourn\u00e9e du spectacle \u00e9ponyme se termine en mars 2009.<\/p>\n<p>Apr\u00e8s avoir fait une pr\u00e9sentation remarqu\u00e9e au Gala Les Olivier 2008 anim\u00e9 par Martin Petit (o\u00f9 nous avons remis un prix, suspendus par les pieds), les Chick&rsquo;n Swell sont demand\u00e9s pour animer le Gala Les Olivier 2009. Il s&rsquo;agit de notre premi\u00e8re \u00ab\u00a0vraie\u00a0\u00bb animation. Nous r\u00e9p\u00e9terons l&rsquo;exp\u00e9rience les trois ann\u00e9es suivantes. Un record encore in\u00e9gal\u00e9 en ce qui concerne l&rsquo;animation des Olivier.<\/p>\n<p>En f\u00e9vrier 2013, le groupe annonce sa s\u00e9paration.<\/p>\n<p><a href=\"http:\/\/facebook.com\/leschicknswell\">http:\/\/facebook.com\/leschicknswell<\/a><\/p>\n","protected":false},"excerpt":{"rendered":"<p>En 1994, Francis Cloutier et Daniel Grenier entrent \u00e0 l&rsquo;\u00c9cole nationale de l&rsquo;humour et en ressortent en 1995 avec un dipl\u00f4me en main. Puis en 1997, nous nous rencontrons (participant tous les trois au spectacle des auteurs de l&rsquo;\u00c9cole nationale de l&rsquo;humour en tant que com\u00e9diens). L&rsquo;exp\u00e9rience se d\u00e9roule si bien que Francis et Daniel &hellip; <\/p>\n<p class=\"link-more\"><a href=\"https:\/\/www.ghyslaindufresne.com\/?page_id=11\" class=\"more-link\">Continuer la lecture<span class=\"screen-reader-text\"> de &laquo;&nbsp;CNS&nbsp;&raquo;<\/span><\/a><\/p>\n","protected":false},"author":1,"featured_media":153,"parent":0,"menu_order":0,"comment_status":"closed","ping_status":"closed","template":"","meta":{"footnotes":""},"class_list":["post-11","page","type-page","status-publish","has-post-thumbnail","hentry"],"_links":{"self":[{"href":"https:\/\/www.ghyslaindufresne.com\/index.php?rest_route=\/wp\/v2\/pages\/11","targetHints":{"allow":["GET"]}}],"collection":[{"href":"https:\/\/www.ghyslaindufresne.com\/index.php?rest_route=\/wp\/v2\/pages"}],"about":[{"href":"https:\/\/www.ghyslaindufresne.com\/index.php?rest_route=\/wp\/v2\/types\/page"}],"author":[{"embeddable":true,"href":"https:\/\/www.ghyslaindufresne.com\/index.php?rest_route=\/wp\/v2\/users\/1"}],"replies":[{"embeddable":true,"href":"https:\/\/www.ghyslaindufresne.com\/index.php?rest_route=%2Fwp%2Fv2%2Fcomments&post=11"}],"version-history":[{"count":6,"href":"https:\/\/www.ghyslaindufresne.com\/index.php?rest_route=\/wp\/v2\/pages\/11\/revisions"}],"predecessor-version":[{"id":283,"href":"https:\/\/www.ghyslaindufresne.com\/index.php?rest_route=\/wp\/v2\/pages\/11\/revisions\/283"}],"wp:featuredmedia":[{"embeddable":true,"href":"https:\/\/www.ghyslaindufresne.com\/index.php?rest_route=\/wp\/v2\/media\/153"}],"wp:attachment":[{"href":"https:\/\/www.ghyslaindufresne.com\/index.php?rest_route=%2Fwp%2Fv2%2Fmedia&parent=11"}],"curies":[{"name":"wp","href":"https:\/\/api.w.org\/{rel}","templated":true}]}}

<p><a href="http://facebook.com/leschicknswell"><img loading="lazy" decoding="async" class="size-full wp-image-54 alignleft" src="https://www.ghyslaindufresne.com/wp-content/uploads/2018/10/cns2.jpg" alt="" width="220" height="220" srcset="https://www.ghyslaindufresne.com/wp-content/uploads/2018/10/cns2.jpg 220w, https://www.ghyslaindufresne.com/wp-content/uploads/2018/10/cns2-150x150.jpg 150w, https://www.ghyslaindufresne.com/wp-content/uploads/2018/10/cns2-100x100.jpg 100w" sizes="auto, (max-width: 220px) 100vw, 220px" /></a>En 1994, Francis Cloutier et Daniel Grenier entrent à l&rsquo;École nationale de l&rsquo;humour et en ressortent en 1995 avec un diplôme en main. Puis en 1997, nous nous rencontrons (participant tous les trois au spectacle des auteurs de l&rsquo;École nationale de l&rsquo;humour en tant que comédiens). L&rsquo;expérience se déroule si bien que Francis et Daniel m&rsquo;invitent à me joindre à eux; pendant les trois années suivantes, nous présentons une multitude de spectacles à travers les soirées d&rsquo;humour dans les bars du Québec.</p>
<p>De 2001 à 2003, (ayant quitté le groupe pour m&rsquo;investir davantage avec Crampe en masse) c&rsquo;est l&rsquo;arrivée de Simon -Olivier Fecteau. Les Chick&rsquo;n Swell écrivent, réalisent et jouent dans une émission à sketchs qui porte leur nom et qui est présentée à la télévision de Radio-Canada.</p>
<p>En 2006, Daniel et Francis m&rsquo;offrent de remonter sur scène avec eux (Simon-Olivier ne souhaitant pas faire de scène). Les Chick&rsquo;n Swell remontent alors sur scène pour présenter une série de spectacles (le premier depuis qu&rsquo;ils ont quitté les ondes). La tournée du spectacle éponyme se termine en mars 2009.</p>
<p>Après avoir fait une présentation remarquée au Gala Les Olivier 2008 animé par Martin Petit (où nous avons remis un prix, suspendus par les pieds), les Chick&rsquo;n Swell sont demandés pour animer le Gala Les Olivier 2009. Il s&rsquo;agit de notre première « vraie » animation. Nous répéterons l&rsquo;expérience les trois années suivantes. Un record encore inégalé en ce qui concerne l&rsquo;animation des Olivier.</p>
<p>En février 2013, le groupe annonce sa séparation.</p>
<p><a href="http://facebook.com/leschicknswell">http://facebook.com/leschicknswell</a></p>

<p>En 1994, Francis Cloutier et Daniel Grenier entrent à l&rsquo;École nationale de l&rsquo;humour et en ressortent en 1995 avec un diplôme en main. Puis en 1997, nous nous rencontrons (participant tous les trois au spectacle des auteurs de l&rsquo;École nationale de l&rsquo;humour en tant que comédiens). L&rsquo;expérience se déroule si bien que Francis et Daniel &hellip; </p>
<p class="link-more"><a href="https://www.ghyslaindufresne.com/?page_id=11" class="more-link">Continuer la lecture<span class="screen-reader-text"> de &laquo;&nbsp;CNS&nbsp;&raquo;</span></a></p>
