{"id":10,"date":"2018-10-21T20:59:42","date_gmt":"2018-10-21T20:59:42","guid":{"rendered":"https:\/\/ghyslaindufresne.com\/?page_id=10"},"modified":"2018-10-27T23:53:24","modified_gmt":"2018-10-27T23:53:24","slug":"a-propos-de","status":"publish","type":"page","link":"https:\/\/www.ghyslaindufresne.com\/?page_id=10","title":{"rendered":"Crampe en masse"},"content":{"rendered":"<p><span class=\"font_7\"><a href=\"http:\/\/crampeenmasse.com\/\"><img loading=\"lazy\" decoding=\"async\" class=\"size-full wp-image-49 alignleft\" src=\"https:\/\/www.ghyslaindufresne.com\/wp-content\/uploads\/2018\/10\/liveenstudio.jpg\" alt=\"\" width=\"220\" height=\"220\" srcset=\"https:\/\/www.ghyslaindufresne.com\/wp-content\/uploads\/2018\/10\/liveenstudio.jpg 220w, https:\/\/www.ghyslaindufresne.com\/wp-content\/uploads\/2018\/10\/liveenstudio-150x150.jpg 150w, https:\/\/www.ghyslaindufresne.com\/wp-content\/uploads\/2018\/10\/liveenstudio-100x100.jpg 100w\" sizes=\"auto, (max-width: 220px) 100vw, 220px\" \/><\/a>En mars 2005, apr\u00e8s 7 ann\u00e9es remplies de chansons, de musique, de personnages, de sketches, de disques, de sc\u00e8ne, de radio, de t\u00e9l\u00e9vision et de Kraft dinner, le duo comique Crampe en masse (Mathieu Gratton et moi-m\u00eame)\u00a0 tire sa\u00a0 r\u00e9v\u00e9rence. Nous avons tout de m\u00eame laiss\u00e9\u00a0 derri\u00e8re nous 5 albums de chansons humoristiques \u00e0 succ\u00e8s (en tous cas pour ma m\u00e8re ce sont des chansons \u00e0 succ\u00e8s! ;P), une panoplie de sketches, 6 pensions alimentaires et un lot ind\u00e9nombrable de rates dilat\u00e9es.<\/span><\/p>\n<p>En octobre 2018, Crampe en masse annonce une courte s\u00e9rie de spectacles qui auront lieu en 2019 pour souligner le 20e anniversaire de son premier album! C&rsquo;est une occasion unique pour les fans de revoir sur sc\u00e8ne le duo qui interpr\u00e9tera ses plus grands succ\u00e8s (ainsi que de nouvelles compositions!)!<\/p>\n<p><a href=\"http:\/\/crampeenmasse.com\/\">http:\/\/crampeenmasse.com\/<\/a><\/p>\n","protected":false},"excerpt":{"rendered":"<p>En mars 2005, apr\u00e8s 7 ann\u00e9es remplies de chansons, de musique, de personnages, de sketches, de disques, de sc\u00e8ne, de radio, de t\u00e9l\u00e9vision et de Kraft dinner, le duo comique Crampe en masse (Mathieu Gratton et moi-m\u00eame)\u00a0 tire sa\u00a0 r\u00e9v\u00e9rence. Nous avons tout de m\u00eame laiss\u00e9\u00a0 derri\u00e8re nous 5 albums de chansons humoristiques \u00e0 succ\u00e8s &hellip; <\/p>\n<p class=\"link-more\"><a href=\"https:\/\/www.ghyslaindufresne.com\/?page_id=10\" class=\"more-link\">Continuer la lecture<span class=\"screen-reader-text\"> de &laquo;&nbsp;Crampe en masse&nbsp;&raquo;<\/span><\/a><\/p>\n","protected":false},"author":1,"featured_media":139,"parent":0,"menu_order":3,"comment_status":"closed","ping_status":"closed","template":"","meta":{"footnotes":""},"class_list":["post-10","page","type-page","status-publish","has-post-thumbnail","hentry"],"_links":{"self":[{"href":"https:\/\/www.ghyslaindufresne.com\/index.php?rest_route=\/wp\/v2\/pages\/10","targetHints":{"allow":["GET"]}}],"collection":[{"href":"https:\/\/www.ghyslaindufresne.com\/index.php?rest_route=\/wp\/v2\/pages"}],"about":[{"href":"https:\/\/www.ghyslaindufresne.com\/index.php?rest_route=\/wp\/v2\/types\/page"}],"author":[{"embeddable":true,"href":"https:\/\/www.ghyslaindufresne.com\/index.php?rest_route=\/wp\/v2\/users\/1"}],"replies":[{"embeddable":true,"href":"https:\/\/www.ghyslaindufresne.com\/index.php?rest_route=%2Fwp%2Fv2%2Fcomments&post=10"}],"version-history":[{"count":9,"href":"https:\/\/www.ghyslaindufresne.com\/index.php?rest_route=\/wp\/v2\/pages\/10\/revisions"}],"predecessor-version":[{"id":270,"href":"https:\/\/www.ghyslaindufresne.com\/index.php?rest_route=\/wp\/v2\/pages\/10\/revisions\/270"}],"wp:featuredmedia":[{"embeddable":true,"href":"https:\/\/www.ghyslaindufresne.com\/index.php?rest_route=\/wp\/v2\/media\/139"}],"wp:attachment":[{"href":"https:\/\/www.ghyslaindufresne.com\/index.php?rest_route=%2Fwp%2Fv2%2Fmedia&parent=10"}],"curies":[{"name":"wp","href":"https:\/\/api.w.org\/{rel}","templated":true}]}}